 11*p - 11. Let j(a) = -9*d(a) + 4*n(a). Calculate j(-2).
11
Let f(r) = 2*r**2 - r. Suppose -2*i = -0 + 8. Let v(y) = 3*y**2 - y + 1. Let a(m) = i*v(m) + 7*f(m). Let t(q) = q + 1. Let l be t(2). Give a(l).
5
Let d(u) = 38*u - 76*u + 3 + 37*u. Give d(0).
3
Let z(i) = i**3 - i**2 + i. Let w(m) be the first derivative of -6*m - 2*m**3 + 2 - 1/2*m**2 - 1/4*m**4. Let k be w(-6). What is z(k)?
0
Let w(j) = j**2 - 6*j + 2. Let u be w(4). Let o(n) be the third derivative of -n**4/12 - 5*n**3/6 - 25*n**2 + 2. Determine o(u).
7
Let l(k) = 1. Let i(z) = 2*z - 5. Let p = -2 + -2. Let m(t) = p*l(t) - i(t). Let r = 4 + -6. Calculate m(r).
5
Suppose -7*k - 3 = -8*k. Let t(w) = -4*w**k + 0 - 3*w**2 + 1 - 2 + 3*w**3. Give t(-3).
-1
Let q(y) be the first derivative of y**2/2 - 7*y + 4. Give q(5).
-2
Let x(t) be the third derivative of -t**5/60 + t**4/6 + t**3/6 - 9*t**2. Determine x(5).
-4
Let f(z) = -2*z + 2. Let b = 0 - 6. Let c be (1*-1)/(4/(-31 - 1)). Let t = b + c. Determine f(t).
-2
Let j = 12 - 9. Let o(d) = -2*d**j - 4 + d + 3*d**3 + 1. Calculate o(0).
-3
Let x(y) = y. Let r be x(-1). Let o = r + 1. Suppose -5*b - 2*j - 35 = o, -4*j = b + 26 - 1. Let k(f) = -f**2 - 5*f - 7. What is k(b)?
-7
Suppose 34 - 79 = -5*z. Suppose -10 = -z*o + 4*o. Let p(f) = -f**2 - 11*f + f**2 + 2*f**2 - 1 + 9*f. Calculate p(o).
3
Let s(j) = -3*j + 3. Let t(l) = -4*l + 4. Let a(i) = -5*s(i) + 4*t(i). What is a(2)?
-1
Suppose 3*x + 3*v + 6 + 3 = 0, 5*x + 8 = 2*v. Let i(l) be the first derivative of 2*l**3/3 + 3*l**2/2 + 2*l - 78. Calculate i(x).
4
Let i(p) be the second derivative of 2*p**3/3 - p**2/2 - p. Suppose 3*a - 5*y + 3 = 0, 2*y + 2 = -4*a + 2*a. Let l = a + 2. What is i(l)?
3
Let i(n) = 3*n - 1. Let z(h) = 1 + 0 - 1 + 1. Let w(t) = -i(t) - 3*z(t). Calculate w(-4).
10
Let c(p) = -2 - p + 2*p - 2*p - 7. Give c(-4).
-5
Let d(b) = 3*b**2 - 6*b - 2. Let t(g) = -5*g**2 + 12*g + 5. Let z be (-9)/(-3)*(-7)/3. Let m(x) = z*d(x) - 4*t(x). Give m(-5).
-1
Let v(o) be the second derivative of o**3/6 + 4*o**2 + 2*o. Calculate v(-6).
2
Let p(n) = -16*n. Let r(i) = 3*i. Let z(u) = 2*p(u) + 11*r(u). Give z(-8).
-8
Let r be 86/(-18) - (-2)/(-9). Let q(o) = 2*o - 3. Let v(s) = -s + 3. Let d(t) = r*v(t) - 4*q(t). Determine d(-4).
9
Let i(a) be the first derivative of a**4/24 - 5*a**3/3 - a**2/2 - 2. Let u(c) be the second derivative of i(c). What is u(0)?
-10
Let c(q) be the first derivative of 1/3*q**3 + 7*q - 3 + 4*q**2. What is c(-6)?
-5
Let a(c) = c - 2. Let p(b) = b**2 + 4*b - 3. Suppose 3*l + 29 = -5*x, -7*x + 3*x = l + 19. Let q be p(x). Give a(q).
-5
Let u(z) = -4*z**2 - z**3 + 6*z + 0*z**3 - z**2. Let r be u(-6). Let i(s) = s - 3. Determine i(r).
-3
Let m(z) be the second derivative of -z**4/12 - z**3/6 + z**2 - 2*z. What is m(2)?
-4
Let r(k) = 2*k**3 - 8*k**2 - 7*k - 1. Let y(g) = g**3 - g**2 - g. Let c(i) = r(i) - 3*y(i). Suppose -4*m - 28 = 3*x, -2*m - 28 = 5*x - 0*x. What is c(m)?
-1
Suppose 20 = -0*t + 10*t. Let c(m) be the second derivative of -2*m**t - 1/6*m**3 - 4*m + 0. Determine c(-6).
2
Let v(j) = -3*j - 2. Let t(p) = -2*p - 1. Let x(h) = 4*t(h) - 6*v(h). Let u(k) = 9*k + 7. Let w(y) = -7*u(y) + 6*x(y). Give w(-1).
2
Let i be 4/(-6)*(3 - 6). Let w(l) = -4*l**3 + 4*l**2 - l + 3*l**3 - i - l**3 + l**3. Suppose -2*f + 4*x + 2 = -2, -2*f = 3*x - 11. Give w(f).
-6
Let v(n) = n**3 - 5*n**2 + 4*n - 3. Suppose 51 - 31 = 5*h. Calculate v(h).
-3
Let y(v) = -v**2 - 12*v - 26. Let l be y(-8). Let h(a) = -a**2 + 3*a - 4. Give h(l).
-22
Suppose 0 = -5*y + d - 2, 2 = 4*y - 2*d - 0*d. Let x(h) = 11*h + 5. Let o(q) = -12*q - 6. Let a(t) = -6*o(t) - 7*x(t). What is a(y)?
6
Let f(s) = 6*s**2 + 3*s - 1. Let h(c) = -6*c**2 - 4*c + 1. Let k be 8/6*9/(-2). Let b(m) = k*f(m) - 5*h(m). Give b(-1).
-7
Let c(z) = -z. Let f(p) = -3*p**2 + 0*p**2 - 5*p + 4*p**2. Let w be f(5). Suppose -9 = 3*b + 2*l - w, -4*b - 2*l = 12. Determine c(b).
3
Let z(l) = -l**3 - 6*l**2 - 4*l + 3. Suppose -14 = -5*x - 39. What is z(x)?
-2
Let c(n) = n**2 + 0 + 6*n - 8*n - 5 + 4. Give c(2).
-1
Let a(l) be the third derivative of l**6/120 + l**5/10 + l**4/6 - l**2. Calculate a(-5).
5
Suppose 0 = -2*c - 3*c - 5. Let s be c/(1*(-4)/16). Let r(p) = -p**2 + 2*p + 1. What is r(s)?
-7
Let k(x) = x + 2. Suppose q - 2*q + 3*h - 18 = 0, 0 = 3*q + 4*h - 11. Calculate k(q).
-1
Let p be -1 + 7 + (-2 - 0). Let m(u) = 3*u - 4. Let y(x) = 5*x - 7. Let n(i) = p*y(i) - 7*m(i). Calculate n(5).
-5
Let t(s) = s**2 + s + 1. Let m(o) = -3*o + 3. Let g(p) = m(p) - t(p). Calculate g(-6).
-10
Let u(v) be the second derivative of v**3/3 - v**2/2 - 9*v + 2. Determine u(-2).
-5
Let j be 3 + 0 - -1*1. Let y(m) = -3*m - 5. Let o(s) = s. Let r(q) = -5*o(q) - y(q). What is r(j)?
-3
Let l(r) = 7*r**3 + r. Let w be -1*(2 + -5)*1. Suppose -4 = -i - w*i. What is l(i)?
8
Suppose 15 = 4*c + 7. Let x(g) = g. Calculate x(c).
2
Let b = -3 + 3. Suppose b = -2*v - 0*v - 20. Let w be v/55 + 35/11. Let s(j) = j - 1. Give s(w).
2
Let p(j) = -12*j - 1 - 6*j + 25*j. Give p(-1).
-8
Let b(y) = 3 - 3*y**2 - 2*y**3 + 36*y - 33*y + y**3 + 0. Determine b(-3).
-6
Suppose 2*w - 1 + 9 = 0. Let c = -7 - w. Let b(j) = -j**2 + 3. Give b(c).
-6
Suppose 0 = -2*w - 2*w + 4, -4*v = -w - 11. Suppose -6*o = 3*u - 2*o - 12, 3*u = -o + v. Let g(s) = -s + 10. Determine g(u).
10
Let x(b) be the third derivative of b**8/20160 + b**7/5040 - b**6/240 - b**5/30 + 3*b**2. Let o(q) be the third derivative of x(q). Determine o(-3).
3
Suppose -2*m = -4*m. Let k(q) = 3 + 0*q + 0*q + q + m*q. Give k(-4).
-1
Let z(r) = 1 - 327*r**2 - 324*r**2 + 650*r**2 + 8*r. What is z(7)?
8
Let f be -3*(0 - 3)/3. Let a(q) be the third derivative of q**4/6 - q**3/2 - 8*q**2. Calculate a(f).
9
Let u(d) be the third derivative of d**5/30 - d**4/12 - d**3/6 - 27*d**2. Calculate u(2).
3
Let y(n) be the second derivative of -n**5/20 - n**4/3 - 5*n**3/6 - 2*n**2 - 2*n. Determine y(-3).
2
Suppose 0 = -2*i - 4 - 0. Let c(o) be the second derivative of o**5/20 + o**4/6 - o**2 - o. What is c(i)?
-2
Suppose -2*d + 3*d = 0. Suppose -n + y = -3*n, d = -4*n - 5*y. Suppose b - 3 = -2*x, n*b + 5*b = -x + 24. Let s(k) = 2*k**2 - 1. Determine s(x).
1
Let i = -7 - -5. Let s = -2 - i. Let j(l) = 2*l**3 - 9*l**2 - 2*l - 11. Let n(r) = r**3 - 4*r**2 - r - 6. Let p(q) = 4*j(q) - 9*n(q). Give p(s).
10
Let f(i) = -1 - 3*i**2 + 4*i**2 + 0 + 14*i**2 - 2*i. Calculate f(-1).
16
Suppose -5*p + 8 = 4*x, -31 = -4*x - p - 7. Let y(n) = -n + x - n + n + 0*n. Calculate y(5).
2
Let k(i) be the second derivative of 1/6*i**4 + 0*i**3 - 2*i**2 + 0 + 10*i. Give k(-3).
14
Let d(q) be the third derivative of -q**6/120 + q**5/15 + q**4/24 - q**3/3 - q**2. Give d(2).
8
Let b be 4/3 - 4/(-6). Suppose 1 = b*g - 1. Let f(p) = 0 + 3*p**3 + 0*p**3 + 1. Calculate f(g).
4
Let i(k) = 8*k - 2. Suppose -4*q + q - 4*a = -17, 0 = 3*q - a - 7. Give i(q).
22
Let c(b) = 5*b + 0 - 14*b**2 - 2 - 1 + 16*b**2. What is c(-4)?
9
Let s(j) = j**2 - 6*j + 1. Let m = -12 + 21. Let y = m + -3. Give s(y).
1
Let n(f) = 2*f + 2. Let v be n(6). Suppose -23 = -l + 4*l + 4*k, -l = -3*k - v. Let r(t) = 13*t**2 + t + 1. What is r(l)?
13
Let f(v) = -2*v**2 - 3*v**3 - 5*v**3 + 5*v**3 - v - 6*v**3. Let r be (2/(-4))/((-2)/(-4)). Give f(r).
8
Suppose -2*u - 10 = -7*u. Let b(j) = -j**2 + u*j + 1 + 0 + 3*j + 2. Calculate b(6).
-3
Let o(a) = 6*a**2 + 6*a. Let s(t) = t**2 + t. Let p(u) = -2*o(u) + 14*s(u). Let n be (2/5)/((-2)/10). Calculate p(n).
4
Let x(u) be the second derivative of -1/3*u**4 - 5/2*u**2 + 1/6*u**3 + 0 + 1/20*u**5 - u. Let c = 0 - -4. Determine x(c).
-1
Let l(d) be the first derivative of d**2/2 + d - 32. What is l(4)?
5
Let p(f) = -f**3 - 4*f**2 + 6*f + 3. Let s(j) = -j**2 + j. Let k(q) = -p(q) + 4*s(q). Calculate k(-2).
-7
Let y(w) = -w - 2. Let c be y(3). Let g(v) = 3*v + 9. Let p(j) = -j - 4. Let r(z) = 2*g(z) + 5*p(z). Determine r(c).
-7
Let z = -8 - -6. Let b(y) be the second derivative of y**4/12 + y**3/6 + y**2/2 + 6*y. Give b(z).
3
Suppose 5*x + 30 = -4*v - 1, 40 = -5*x + 5*v. Let s = 3 + x. Let q(a) be the third derivative of a**6/120 + a**5/15 + a**3/6 - 7*a**2. Calculate q(s).
1
Let c(a) = -3*a + 1 + 10*a - 3 - a**2. Suppose -2*y + y + 4*h - 2 = 0, 3*h = -2*y + 29. Suppose r = -r + y. Calculate c(r).
8
Let o(f) be the third derivative of f**4/12 - f**3/2 + 10*f**2. 